939?
163
What is the highest common factor of 33254 and 88114?
26
Calculate the highest common divisor of 2751 and 749511.
21
What is the highest common divisor of 7146 and 399363738?
2382
Calculate the greatest common factor of 532 and 251748.
28
What is the greatest common divisor of 69107 and 50047766?
2383
What is the greatest common divisor of 4024842 and 1180390?
5758
What is the highest common divisor of 6347740 and 6510?
70
What is the highest common divisor of 31393406 and 1586?
122
What is the highest common factor of 3295656 and 6480149?
6539
Calculate the greatest common factor of 834 and 113418.
6
Calculate the highest common divisor of 440 and 131081960.
40
Calculate the greatest common divisor of 770 and 1290388.
22
Calculate the greatest common factor of 4676408 and 1144.
88
Calculate the highest common divisor of 17230158 and 792.
198
What is the greatest common factor of 525 and 636045?
15
What is the greatest common divisor of 20702417 and 287?
41
Calculate the greatest common factor of 964144 and 256.
16
What is the highest common factor of 9858330 and 450?
90
Calculate the greatest common divisor of 339870 and 1095.
15
Calculate the greatest common factor of 2015684 and 12078.
1342
What is the greatest common factor of 376697199 and 3?
3
Calculate the highest common divisor of 8971029 and 90.
9
Calculate the highest common factor of 93 and 712869.
3
What is the greatest common divisor of 40431357 and 18?
9
What is the greatest common factor of 205155 and 93577?
47
Calculate the highest common factor of 54339 and 180186.
177
What is the highest common factor of 3354 and 635622?
78
Calculate the highest common factor of 22 and 47463.
1
What is the greatest common factor of 996 and 2366164?
332
Calculate the highest common divisor of 6940 and 513700.
20
Calculate the highest common divisor of 2139 and 48647277.
2139
Calculate the greatest common factor of 11337068 and 184.
92
What is the highest common divisor of 35 and 11736536?
7
What is the highest common divisor of 344002872 and 6?
6
Calculate the greatest common factor of 4540 and 3342610.
10
What is the greatest common factor of 7507283 and 201?
67
Calculate the greatest common factor of 26010 and 122094.
306
Calculate the highest common factor of 118026465 and 45.
15
What is the highest common factor of 4284 and 1301412?
84
Calculate the highest common divisor of 147189232 and 4781.
683
What is the highest common divisor of 141 and 4868213?
47
What is the greatest common factor of 61133936 and 44?
4
What is the greatest common factor of 35174683 and 3099?
1033
What is the greatest common divisor of 433 and 273928357?
433
Calculate the greatest common factor of 43521 and 10760771.
163
Calculate the greatest common divisor of 4 and 1149625.
1
Calculate the highest common factor of 480 and 417570.
30
What is the greatest common divisor of 19142 and 1188606?
34
What is the greatest common factor of 58518 and 89442?
18
Calculate the greatest common factor of 9066186 and 5734.
122
What is the greatest common divisor of 44500 and 21206030?
890
What is the greatest common factor of 2737 and 12336625?
161
Calculate the greatest common divisor of 720613212 and 376.
188
Calculate the greatest common factor of 6259148 and 3.
1
Calculate the greatest common factor of 15184 and 8752.
16
What is the highest common divisor of 18916324 and 113886?
1406
Calculate the greatest common divisor of 513064690 and 470.
470
What is the highest common divisor of 2436 and 8274889?
203
Calculate the highest common divisor of 555 and 36698709.
111
What is the highest common factor of 1977145 and 65?
5
What is the highest common factor of 11462 and 101074?
1042
What is the highest common divisor of 20172 and 636?
12
Calculate the greatest common divisor of 1248320 and 36.
4
Calculate the highest common divisor of 508510 and 15424.
482
Calculate the highest common divisor of 10206 and 3606120.
3402
Calculate the greatest common divisor of 340 and 6924500.
20
What is the greatest common divisor of 199637597 and 8495?
1699
Calculate the highest common divisor of 9133760 and 736.
736
Calculate the greatest common factor of 871894811 and 7457.
7457
What is the greatest common divisor of 91429772 and 28?
28
What is the highest common divisor of 164 and 21992154?
82
Calculate the highest common divisor of 3553 and 4499561.
209
Calculate the highest common divisor of 1527451 and 5723.
59
What is the greatest common divisor of 1900 and 17968604?
76
What is the highest common factor of 3316704 and 3072?
96
What is the greatest common factor of 49539 and 5415927?
1011
Calculate the highest common factor of 1062 and 77204096.
118
Calculate the highest common factor of 1124 and 11034308.
1124
Calculate the highest common divisor of 4507477 and 868621.
1417
What is the highest common factor of 5243376 and 26175?
1047
Calculate the highest common factor of 414637605 and 90.
45
Calculate the highest common divisor of 2629353 and 285.
57
What is the highest common divisor of 108918 and 114?
6
What is the highest common divisor of 501344640 and 76?
76
Calculate the greatest common factor of 42 and 14142646.
14
What is the greatest common factor of 4046520 and 68280?
120
What is the greatest common factor of 2310 and 1955478?
42
What is the highest common divisor of 1662747 and 23343?
93
Calculate the greatest common factor of 45645924 and 8.
4
Calculate the highest common factor of 3936 and 389103776.
1312
Calculate the greatest common divisor of 3564 and 368896.
44
What is the highest common divisor of 236 and 56632?
4
What is the greatest common factor of 99712 and 1107328?
5248
What is the greatest common divisor of 963 and 6941197?
107
What is the highest common factor of 655784075 and 775?
775
What is the greatest common divisor of 276 and 1758189?
69
What is the highest common divisor of 188 and 68114092?
188
Calculate the highest common factor of 34040 and 87032.
184
What is the greatest common factor of 313236312 and 24?
24
What is the highest common factor of 2308548 and 1353?
33
What is the greatest common factor of 963073455 and 30?
15
What is the highest common factor of 1051810 and 214?
214
Calculate the highest common factor of 8757687 and 897.
69
Calculate the highest common divisor of 1509900210 and 3510.
3510
What is the greatest common divisor of 2088765600 and 928?
928
Calculate the greatest common factor of 61877493 and 675.
27
Calculate the highest common divisor of 2407 and 1489435.
83
What is the highest common factor of 2103 and 43429053?
2103
Calculate the highest common divisor of 135 and 710685.
45
Calculate the highest common divisor of 50 and 2881925.
25
Calculate the greatest common factor of 18901137 and 27249.
879
What is the greatest common factor of 331104 and 9696?
96
What is the highest common divisor of 2936 and 2994844?
4
What is the greatest common factor of 84640 and 4419795?
2645
Calculate the greatest common divisor of 326304 and 13473.
9
Calculate the highest common factor of 283692 and 18838356.
6036
What is the highest common divisor of 83142 and 5766?
186
Calculate the highest common factor of 3384 and 5271050.
94
Calculate the greatest common factor of 244374 and 3615.
723
What is the highest common factor of 173126 and 3629174?
1618
What is the highest common divisor of 276723 and 83583?
333
Calculate the greatest common divisor of 51845554 and 106.
106
What is the greatest common divisor of 101838 and 147125?
11
What is the greatest common factor of 101307257 and 1861?
1861
Calculate the highest common divisor of 200720 and 319415.
965
Calculate the highest common factor of 250 and 56131750.
250
What is the greatest common divisor of 2205 and 411815355?
735
Calculate the highest common factor of 87 and 748113.
87
Calculate the greatest common factor of 205048 and 50552.
568
Calculate the highest common divisor of 58164 and 858252.
444
What is the highest common factor of 22196420 and 600?
20
Calculate the highest common factor of 40 and 1177922000.
40
What is the highest common factor of 319806751 and 3509?
3509
What is the greatest common factor of 386 and 6358192?
386
Calculate the highest common factor of 180 and 14514420.
60
What is the greatest common divisor